v - 366. Determine w(3).
18
Let f(z) = 19*z**2 - 2787*z - 325. Determine f(147).
557
Let a(n) = 1808*n - 1303596. Give a(721).
-28
Let n(y) = -624*y - 7501. Calculate n(-12).
-13
Let m(n) = 3333*n + 119949. Calculate m(-36).
-39
Let u(i) = 172*i**2 + 76*i + 87. Calculate u(0).
87
Let z(v) = -103*v + 2451. Give z(16).
803
Let i(g) = -110992*g + 1109924. Determine i(10).
4
Let q(w) = 2*w**3 - 45*w**2 - 450*w + 9821. What is q(23)?
0
Let w(q) = -390*q + 60969. Determine w(156).
129
Let i(n) = -2*n**3 + 34*n**2 - 13*n + 235. Determine i(17).
14
Let n(s) = -8*s**2 - 749*s - 1449. What is n(-92)?
-253
Let t(q) = 253*q - 22499. Calculate t(90).
271
Let b(p) = -p**3 - 807*p**2 + 7308*p - 29381. Calculate b(-816).
-5
Let b(p) = -118*p + 21311. Determine b(176).
543
Let s(f) = 34*f**2 + 141*f - 257. Give s(5).
1298
Let w(j) = -7*j**2 - 652*j - 3605. Give w(-6).
55
Let d(o) = o**3 + 6*o**2 - 402*o + 35. Determine d(8).
-2285
Let r(g) = 152*g + 11090. Calculate r(-85).
-1830
Let d(g) = -982*g**3 + g**2 + 278*g - 278. Determine d(1).
-981
Let w(v) = 2*v**3 - 5*v**2 + 74*v - 57. Give w(-9).
-2586
Let w(r) = -781*r + 22611. What is w(28)?
743
Let c(m) = -m**3 - 125*m**2 + 574*m - 9547. Determine c(-130).
333
Let v(o) = 101*o - 15531. Determine v(155).
124
Let g(p) = 12*p**3 + 3*p**2 - 152*p + 49. Determine g(4).
257
Let s(a) = -5*a**2 + 161*a + 8423. Calculate s(-28).
-5
Let w(k) = -40*k**2 - 4021*k + 34741. What is w(8)?
13
Let t(d) = 359*d**3 + 6*d**2 - 29*d - 36. Calculate t(-1).
-360
Let v(b) = -13*b**3 + 247*b**2 - 262*b + 8. Calculate v(1).
-20
Let a(b) = -281469*b + 1688796. Give a(6).
-18
Let c(y) = 4*y**2 - 878*y - 237496. Calculate c(377).
14
Let s(g) = -680*g - 410718. What is s(-604)?
2
Let d(o) = -10*o**2 - 350*o + 2777. Determine d(-42).
-163
Let z(k) = -5044*k - 95827. Give z(-19).
9
Let w(q) = 527295*q + 527281. Give w(-1).
-14
Let k(v) = -v**3 - 59*v**2 - 260*v - 387. What is k(-54)?
-927
Let q(c) = -4*c**3 - 24*c**2 + 85*c + 525. Give q(-6).
15
Let q(s) = 7*s**2 - 570*s - 1719. What is q(-3)?
54
Let b(u) = 6*u**2 + 46291*u + 185067. Determine b(-4).
-1
Let b(r) = -1651*r**3 - 3*r**2 + 27*r + 23. What is b(-1)?
1644
Let i(o) = -8*o**3 + 790677*o - 790678. Determine i(1).
-9
Let u(n) = -12*n**3 + 447*n**2 + 341*n + 26. Calculate u(38).
-12
Let l(b) = -6*b**2 + 241*b - 2363. Calculate l(24).
-35
Let n(u) = 64*u**2 - 726*u + 725. What is n(1)?
63
Let y(a) = 4*a**3 + 1023*a**2 - 7215*a - 35. What is y(7)?
959
Let u(i) = i**3 - 472*i**2 + 6374*i + 11. Give u(14).
-521
Let f(p) = -13*p**2 - 585*p - 705. Calculate f(-44).
-133
Let k(z) = 10*z**2 + 971*z - 737. Determine k(-98).
145
Let z(d) = -15*d**2 - 12*d + 380. Give z(12).
-1924
Let f(u) = 1227*u + 147315. Determine f(-120).
75
Let k(i) = -2*i**3 - 39*i**2 + 395*i + 45. Determine k(8).
-315
Let o(m) = -31*m**2 - 6215*m - 2690. Give o(-200).
310
Let l(i) = -3*i**2 - 13419*i + 283120. Give l(21).
-2
Let h(w) = -w**3 + 146*w**2 + 2188*w + 65434. Give h(162).
-14
Let z(g) = -11581*g + 671700. Give z(58).
2
Let t(f) = 49*f**2 - 352*f + 2064. Determine t(6).
1716
Let c(d) = -d**2 - 1203*d - 323216. What is c(-405)?
-26
Let j(v) = 503*v**2 + 54814*v - 1407. Give j(-109).
10
Let r(z) = 41*z - 4895. Determine r(119).
-16
Let j(y) = -2*y**3 + 4*y**2 - 723*y + 1448. Calculate j(2).
2
Let v(g) = -1649*g + 11341. Give v(7).
-202
Let o(a) = -14*a**3 - 633*a**2 - 160*a - 154. Give o(-45).
971
Let d(s) = -1290*s**2 + 313468*s + 484. What is d(243)?
-2
Let o(w) = -609*w + 7506. Determine o(10).
1416
Let h(j) = 164*j**3 - 2*j**2 - 12*j + 12. Determine h(1).
162
Let r(f) = 3*f**3 - 1386*f**2 - 47424*f - 6. Calculate r(494).
-6
Let y(z) = 2*z**2 + 185917*z + 557736. Calculate y(-3).
3
Let b(n) = -4*n**2 + 353*n - 1102. Determine b(85).
3
Let c(i) = 2*i**2 - 5115*i + 71226. Calculate c(14).
8
Let r(d) = -2*d**3 + 58*d**2 + 801*d - 23129. Determine r(29).
100
Let n(w) = -187*w**2 + 36308*w - 5912. Give n(194).
-92
Let a(u) = -85471*u - 427178. Calculate a(-5).
177
Let y(j) = -j**3 + 19*j**2 + 3437*j - 82180. Determine y(25).
-5
Let d(n) = -n**3 - 154*n**2 - 1845*n - 1687. Calculate d(-141).
5
Let x(v) = 47791*v**2 - 286727*v - 1. Give x(6).
113
Let n(k) = 4*k**3 - 151*k**2 + 898*k - 104. Give n(31).
1787
Let o(t) = 10*t**3 + 14*t**2 + 62*t + 87. Determine o(-4).
-577
Let r(a) = 132*a + 1578. Give r(-14).
-270
Let m(g) = -2*g**2 + 1941*g - 67187. What is m(35)?
-1702
Let o(k) = -194*k - 46180. What is o(-234)?
-784
Let t(l) = 21*l**3 + 66*l**2 - 359*l - 3. Give t(-6).
-9
Let u(i) = -i**3 - 99*i**2 - 547*i - 34234. Calculate u(-97).
7
Let m(y) = -62830*y - 62832. Determine m(-1).
-2
Let v(b) = 97173*b - 777397. Give v(8).
-13
Let j(a) = 5*a**3 - 208*a**2 + 319*a + 39. Determine j(40).
-1
Let j(y) = -181*y + 43109. What is j(238)?
31
Let i(d) = -179*d**2 + 1683*d - 2015. Give i(8).
-7
Let h(i) = -23*i**3 - 163*i**2 + 8*i + 121. Calculate h(-7).
-33
Let m(w) = w**2 - 35683*w - 214132. What is m(-6)?
2
Let y(m) = 174*m + 204. Give y(-7).
-1014
Let l(c) = -2*c**2 - 10365*c - 12459620. Determine l(-1895).
5
Let o(a) = 171*a + 1656. Give o(-13).
-567
Let r(j) = 22*j**2 - 410*j + 551. Calculate r(18).
299
Let p(b) = 30*b**3 + 8*b**2 + 21*b - 76. Determine p(2).
238
Let m(n) = -3298*n - 715674. What is m(-217)?
-8
Let x(k) = -k**3 + 91*k**2 - 824*k + 136. What is x(10)?
-4
Let t(z) = -9*z**3 + 137*z**2 - 231*z + 1075. What is t(14)?
-3
Let k(w) = -22535*w + 45017. Give k(2).
-53
Let d(k) = k**2 + 1459886*k + 5839545. Determine d(-4).
17
Let s(a) = 989*a**2 - 90005*a + 560. What is s(91)?
14
Let o(n) = n**3 - 252*n**2 - 3242*n + 876739. Determine o(251).
-4
Let u(r) = -411273*r + 2467637. Determine u(6).
-1
Let h(v) = -5*v**2 - 145*v + 1264. Give h(7).
4
Let y(v) = 10*v**2 - 576*v + 1490. Determine y(55).
60
Let o(i) = -2419*i + 2461. Give o(1).
42
Let q(b) = b**2 - 9586*b - 249975. Determine q(-26).
-63
Let l(q) = -236*q**2 - 6139*q - 115. What is l(-26)?
-37
Let r(s) = 564*s**2 + 14064*s - 910. Determine r(-25).
-10
Let r(l) = l**3 - 25*l**2 + 24*l + 156. Determine r(24).
156
Let t(l) = -3*l**2 + 2024*l - 323895. What is t(261)?
6
Let v(f) = -20*f**3 + 257*f**2 + 28*f + 145. Determine v(13).
2
Let o(c) = 7845*c + 7895. Calculate o(-1).
50
Let k(m) = -20*m**2 - 38*m - 600. Give k(-17).
-5734
Let n(c) = 6*c**3 - c**2 - 2*c - 985. What is n(0)?
-985
Let g(b) = -123*b**2 - 84381*b - 2057. What is g(-686)?
1
Let h(v) = 233*v + 13814. Determine h(-60).
-166
Let b(l) = -2*l**2 - 821*l + 67822. Calculate b(-481).
1
Let w(s) = 2*s**2 - 62*s + 238. Calculate w(20).
-202
Let k(d) = -8*d**3 - 12*d**2 - 26*d - 12. Give k(-2).
56
Let z(w) = -w**2 - 38308*w - 382979. Determine z(-10).
1
Let j(f) = 8*f**3 + 94*f**2 - 254*f - 26. What is j(-14)?
2
Let b(t) = -30704*t - 1166578. Give b(-38).
174
Let a(v) = 54*v**3 - 6535*v**2 + 116*v + 603. What is a(121)?
-2
Let g(a) = 13645*a + 368422. What is g(-27)?
7
Let n(u) = -41891*u - 2932422. Calculate n(-70).
-52
Let n(x) = 3*x**3 + 65*x**2 - 77*x - 2512. What is n(-21)?
-13
Let i(t) = t**3 + 4*t**2 - 44*t - 108. Give i(-3).
33
Let x(t) = t**3 + 157*t**2 - 6265*t - 268. Determine x(-190).
-1218
Let b(k) = -k**3 - 1002*k**2 - 3104*k - 106865. Determine b(-999).
28
Let s(m) = 129135*m + 19886789. What is s(-154)?
-1
Let n(a) = -a**3 - 292*a**2 - 18067*a - 30. Give n(-203).
-30
Let p(r) = 41*r**2 + 3140*r - 220344. Determine p(-121).
-3
Let p(m) = -m**3 - m**2 + 5955*m + 38. What is p(0)?
38
Let n(x) = 9*x**3 - 34*x**2 + 242*x + 150. Give n(6).
2322
Let x(c) = -2006*c + 363089. Determine x(181).
3
Let x(j) = -j**3 + 50*j**2 - 44*j + 856. Calculate x(50).
-1344
Let u(x) = -20697*x - 931190. Give u(-45).
175
Let u(i) = -471*i - 14592. Give u(-31).
9
Let c(o) = -o**2 + 7224*o - 100933. Give c(14).
7
Let z(j) = -213*j + 1037. Determine z(13).
-1732
Let g(v) = -75*v**2 - 152*v + 5995. Determine g(-10).
15
Let t(o) = -2*o**2 + 30662*o - 275824. Determine t(9).
-28
Let t(m) = -2*m**2 + 1348*m + 9518. Determine t(-7).
-16
Let o(j) = -j**2 - 4808*j - 9608. What is o(-2)?
4
Let s(a) = a**2 - 42*a + 3345. Give s(23).
2908
Let b(i) = 1342*i - 2140494. What is b(1595)?
-4
Let d(g) = 53*g**2 + 1866*g + 457. Give d(-35).
72
Let v(s) = 2*s**2 - 65*s - 1796. Calculate v(50).
-46
Let z(u) = 19*u**3 + 202*u**2 - 63